.
3
Let l(a) = a**3 - a**2 - a. Let z be l(2). Let w be 8/(-3)*(-63)/12. Suppose -w = -z*u + 5*b, -2*b - 54 = -2*u - 7*b. List the prime factors of u.
17
Let k = -2248 - -4876. List the prime factors of k.
2, 3, 73
List the prime factors of 395 - (-5 - (9 + -4)).
3, 5
Let g be (5/3)/((-4)/(-72)). Suppose 3*r + 2*w - 20 = w, -4*r - 2*w + g = 0. Suppose -r*q + 17 - 91 = -3*z, 0 = z + 4*q - 19. List the prime factors of z.
23
Suppose -3*t + 3*g = -5760, t = 4*t + 5*g - 5768. What are the prime factors of t?
17, 113
Let t be 3 + 1*((3 - 5) + 1). Suppose 5*y - 108 = -3*p + 234, -t*y + 140 = 2*p. List the prime factors of y.
2, 3, 11
Let v(m) = -15*m**3 - 7*m**2 - 9*m + 81. List the prime factors of v(-7).
2, 2473
Let p be -2 - (-52)/20 - 9/15. Let v(c) = -2*c + 4. List the prime factors of v(p).
2
Suppose -5*t - 12 = -2. List the prime factors of (-16328)/(-65) + t/10.
251
Let b(y) = 9*y**2 - 18 + 4*y**2 + 15*y + 0*y - 12*y**2. What are the prime factors of b(-21)?
2, 3
Let m be 2/4 - (-652)/(-8). Let a = m - -183. List the prime factors of a.
2, 3, 17
Suppose 6*q + b - 57 = 3*q, -5*q = b - 97. List the prime factors of q.
2, 5
Let j = 1798 + -517. List the prime factors of j.
3, 7, 61
Suppose -4*n = -p - 281, 2*p + 3*p + 3*n = -1382. Let a = p + 409. What are the prime factors of a?
2, 3, 11
Suppose -9648 = -7*m - 1185. List the prime factors of m.
3, 13, 31
Let b(p) = -p**3 + 2*p - 3. Let g be b(2). Let d = 80 + g. What are the prime factors of d?
73
Let b(r) = 2*r**2 - 4*r + 6. Suppose 9*v - 5*v - 16 = 0. List the prime factors of b(v).
2, 11
Let r(x) = -x**2 - 7*x - 4. Let c be r(-8). List the prime factors of 3*((-208)/c + 1).
5, 11
Let t be ((-462)/(-28))/((-2)/(-4)). Suppose -38*x + t*x + 295 = 0. List the prime factors of x.
59
Let o = -397 - -1134. List the prime factors of o.
11, 67
Let w = 1360 - 759. What are the prime factors of w?
601
Let d(q) = -20*q - 160. Let f be d(-8). Let i be -1 + 1 - (0 - 75). Suppose f = 4*n - n - i. List the prime factors of n.
5
Let w be (-160)/9 + (-54)/243. Let h = w + 65. List the prime factors of h.
47
Let s = -10 + -1. Let r = 1 - s. List the prime factors of 25/3 - r/36.
2
Let i be (6 + 2)*(-44)/(-8). Suppose 4*l - 172 = -3*f, -l + 4*f - 5*f = -i. What are the prime factors of l?
2, 5
Suppose 10*o = -0*o + 50. Suppose g - 191 = 5*r, -o*g + 4*r + 985 - 9 = 0. List the prime factors of g.
2, 7
Let l(b) = 21*b**2 - 4*b + 70. What are the prime factors of l(6)?
2, 401
Let a(q) = 4*q + 6. Let k = -17 - -16. Let m(x) = -4*x**3 + x**2 + x. Let i be m(k). List the prime factors of a(i).
2, 11
What are the prime factors of (-11)/(((-3)/(-43))/(-3))?
11, 43
What are the prime factors of 541 + -2 + 1*-3?
2, 67
Suppose a - 957 = -3*z, -2*z + z = -4*a - 319. Suppose -4*y - 537 = -3*o, 3*o - 242 - z = -4*y. What are the prime factors of o?
3, 61
Let y = -1034 - -1469. What are the prime factors of y?
3, 5, 29
Suppose 12*o + 3*b - 2808 = 7*o, -4*b = 2*o - 1112. What are the prime factors of o?
2, 3, 47
Suppose -5*q = -2*b - 3*q + 6260, -q = -4*b + 12517. What are the prime factors of b?
3, 7, 149
Let w(t) = t**3 + 33*t**2 + 56*t - 34. What are the prime factors of w(-31)?
2, 19
Let q = 44 + -20. Suppose 4*w - 4*l = 0, -1 = -5*l + q. What are the prime factors of w?
5
List the prime factors of (-22 + 19)/(2/(-1230)).
3, 5, 41
Let d(t) = 6 - 4*t + 0 + 5*t. Let o be d(-5). What are the prime factors of o*(77 + -1) - 1?
3, 5
Let m(z) = -z**3 + 23*z**2 + 29*z + 30. Let s be 3/4 + (-651)/(-28). What are the prime factors of m(s)?
2, 3, 5
Let h(i) = -i**3 - 5*i**2 + 16*i + 4. Let l be h(3). Let p(v) = -103*v**2 - v + 2. Let r be p(2). What are the prime factors of 8/l + r/(-5)?
2, 41
Let w(s) = -44*s - 1. Let g(v) = 88*v + 2. Let z(x) = -4*g(x) - 7*w(x). List the prime factors of z(-2).
3, 29
Let s(z) = 3*z**2 + z - 109. List the prime factors of s(-34).
5, 7, 19
Suppose 1212 = 5*u - 833. List the prime factors of u.
409
Let m(u) = 7*u**2 - 6*u - 9. Let q(b) = 8*b**2 - 5*b - 9. Let h(d) = 7*m(d) - 6*q(d). Suppose -60*v + 45 = -57*v. List the prime factors of h(v).
2, 3
Let u(r) = -100*r - 120. List the prime factors of u(-19).
2, 5, 89
Suppose 20*r - 12002 = 3*r. What are the prime factors of r?
2, 353
Let c be (1 + 0)/(-4 - -5). Let f(m) be the first derivative of 11*m**3/3 + m**2/2 - m + 6. List the prime factors of f(c).
11
Let i = -30 - -32. Suppose s - i = 55. Let a = -9 + s. List the prime factors of a.
2, 3
Suppose 4*x - 31912 = -4*f - 8836, 0 = 2*x + f - 11540. What are the prime factors of x?
29, 199
Suppose -m - 36 = m. Let y = m + 15. List the prime factors of (284/12)/(y/(-9)).
71
List the prime factors of ((-7)/3)/(3*(-2)/378).
3, 7
Let z(a) = 275*a + 24. What are the prime factors of z(8)?
2, 139
Let c(u) be the first derivative of u**4/4 - 2*u**3/3 + 49*u + 3. What are the prime factors of c(0)?
7
Let v(m) = -m**2 + 2. Let x be v(0). List the prime factors of -1*x*(-43)/2.
43
Suppose -19*g + 5649 = -1324. List the prime factors of g.
367
Let v(w) be the third derivative of w**5/30 - w**4/12 + 3*w**3/2 + 14*w**2. What are the prime factors of v(-5)?
3, 23
Let o = 373 + -208. Suppose -n = -4*n - 3*h + o, -12 = -3*h. What are the prime factors of n?
3, 17
Suppose 38*j = 25251 + 23997. What are the prime factors of j?
2, 3
Let d be 0*(3/(-6))/1. Let z be (d + 1)/((-10)/30). List the prime factors of ((-2)/4)/(z/198).
3, 11
Let t = 211 + 45. What are the prime factors of t?
2
Suppose -12*m + 1842 = -3222. List the prime factors of m.
2, 211
Suppose 3*k + 2*p - 16625 = -4992, -4*k + 15509 = 3*p. List the prime factors of k.
3881
Suppose 5*v + 118 - 363 = 0. Suppose s = 4 + v. What are the prime factors of s?
53
Let s = -26 + 23. What are the prime factors of (-6)/s + (-5 - -244)?
241
Suppose 2*d = 16*n - 17*n + 1213, d + 1222 = n. List the prime factors of n.
23, 53
List the prime factors of (-9)/((-108)/20)*9342/15.
2, 3, 173
Let z(h) = -271*h + 15. Let t(k) = 136*k - 8. Let m(j) = 11*t(j) + 6*z(j). What are the prime factors of m(-1)?
2, 3, 11
Let l(s) = -4*s - 21. Let m be l(-15). What are the prime factors of m/(-78)*(0 + 32)*-5?
2, 5
Suppose 2*x = 3*v + 541, 5*x + 3*v - 106 = 1278. List the prime factors of x.
5, 11
Let w(b) = 7*b - 5. Let n be 1*4 - (-5)/5. Let x be w(n). Suppose 5*u + 8*t - 3*t - x = 0, -4*u = t - 39. What are the prime factors of u?
11
Let y = -1 - -5. Suppose 4*m + n - y = 5*n, 0 = -5*m - 5*n + 5. Let j(u) = 24*u**3 - u**2. What are the prime factors of j(m)?
23
Let b(y) = 19 + 40 - 13 + y + 0. What are the prime factors of b(0)?
2, 23
Let h(c) = c**2 + 18*c - 14. Let o be h(-19). Suppose 0 = 3*m - 1 - o. What are the prime factors of (9/m + -4)*58?
29
Let a = -38 + 43. Suppose -197 = -m - 0*m - 2*q, 0 = -m - 3*q + 202. What are the prime factors of 18/(-45) + m/a?
37
Let h(i) = 10*i + i**2 - 9*i + 0 - 10. Let k be h(9). Suppose 5*s - k = s. List the prime factors of s.
2, 5
Let v = 1373 + -916. List the prime factors of v.
457
Suppose f + 3162 = 5*k, 0 = f - 11 + 8. List the prime factors of k.
3, 211
Suppose -2*r = 3*q - 9532, 2*r + 12716 = 4*q + 3*r. List the prime factors of q.
2, 3, 5, 53
Suppose -52*q = -83220 + 17908. What are the prime factors of q?
2, 157
Let s = 55 + -52. Suppose 5*m - 51 = -v, 2*v + m - s*m - 126 = 0. What are the prime factors of v?
61
Let o be (0 + 1)/(6/24). Suppose 0 = o*y - 152 - 372. Let s = y - 66. What are the prime factors of s?
5, 13
Let g = 545 + -334. Let x = -129 + g. What are the prime factors of x?
2, 41
Suppose -3*l = -1339 - 200. Let t = l + -330. List the prime factors of t.
3, 61
Let l(j) = -146*j**3 - 5*j**2 - 5*j - 7. Let y(c) = -73*c**3 - 2*c**2 - 2*c - 3. Let z(b) = -2*l(b) + 5*y(b). List the prime factors of z(-1).
2, 3
Suppose 0*a = 3*a - 189. Suppose -2*x + 7*x + 61 = -3*t, -a = 5*x + 4*t. Let r = 49 - x. List the prime factors of r.
2, 3, 5
Suppose -45*f + 2254 = 94. What are the prime factors of f?
2, 3
Let l(y) = 4*y**2 + 9*y - 25. List the prime factors of l(10).
3, 5, 31
List the prime factors of (-2338)/(-4)*420/245.
2, 3, 167
Let p(g) = g**2 - 2*g - 2. Let u be p(5). Let v(m) = m**2 - 4. Let x be v(-3). Suppose 59 - u = 4*y + x*r, 0 = -4*y - 2*r + 52. What are the prime factors of y?
2, 7
Suppose 58*a + 4923 = 61*a. What ar